mber?
False
Is 9767 prime?
True
Is 19563 a prime number?
False
Is 6323 prime?
True
Is 272249 prime?
True
Is 1345163 prime?
False
Is 1347 a prime number?
False
Is 122363 a prime number?
True
Is 7477 a prime number?
True
Is 10001 prime?
False
Is 29947 a prime number?
True
Is 1934815 prime?
False
Is 2777 prime?
True
Is 38543 prime?
True
Is 3045379 a composite number?
False
Is 140099 a composite number?
True
Is 738305 prime?
False
Is 18869 composite?
False
Is 46853 composite?
False
Is 62159 composite?
True
Is 337567 a prime number?
False
Is 114601 a prime number?
True
Is 6509 a prime number?
False
Is 16349 composite?
False
Is 1543 prime?
True
Is 3215417 composite?
False
Is 6521 composite?
False
Is 1966079 prime?
True
Is 1380029 a composite number?
True
Is 1528979 prime?
True
Is 15231 a prime number?
False
Is 16609 prime?
False
Is 649607 a composite number?
True
Is 398903 composite?
False
Is 102743 a prime number?
False
Is 6503 a prime number?
False
Is 5147 a composite number?
False
Is 45683 composite?
True
Is 1124951 prime?
True
Is 201307 composite?
False
Is 62617 composite?
False
Is 1139857 a composite number?
True
Is 19811 composite?
True
Is 781855 prime?
False
Is 437695 a composite number?
True
Is 228829 a prime number?
True
Is 16517 prime?
False
Is 7993 a composite number?
False
Is 1988013 composite?
True
Is 2671 a composite number?
False
Is 435911 prime?
False
Is 319339 a prime number?
True
Is 22433 prime?
True
Is 872587 a prime number?
True
Is 8749 prime?
False
Is 900511 composite?
False
Is 412379 prime?
False
Is 265085 prime?
False
Is 38039 composite?
False
Is 21251 a prime number?
False
Is 133919 a composite number?
False
Is 10007 prime?
True
Is 750487 prime?
True
Is 1865 a composite number?
True
Is 3935 prime?
False
Is 5207 prime?
False
Is 3943 prime?
True
Is 3937 a prime number?
False
Is 13114661 prime?
False
Is 22565 a prime number?
False
Is 118343 a composite number?
False
Is 813083 a composite number?
False
Is 1098593 composite?
False
Is 633 a prime number?
False
Is 498577 a prime number?
True
Is 7723 a composite number?
False
Is 511619 composite?
True
Is 22513 prime?
False
Is 852557 composite?
False
Is 6521 composite?
False
Is 73615 a prime number?
False
Is 1543 composite?
False
Is 12571 prime?
False
Is 43343 a prime number?
False
Is 29483 a prime number?
True
Is 54291 a prime number?
False
Is 424969 composite?
True
Is 209635 a composite number?
True
Is 73523 a composite number?
False
Is 1657 composite?
False
Is 85381 prime?
True
Is 2892283 a prime number?
True
Is 35747 a prime number?
True
Is 147709 prime?
True
Is 403147 a composite number?
True
Is 212777 composite?
False
Is 460678 a composite number?
True
Is 2149 a prime number?
False
Is 169615 prime?
False
Is 2336519 prime?
True
Is 82421 composite?
False
Is 3163 a prime number?
True
Is 975509 a prime number?
True
Is 2427349 composite?
False
Is 403219 prime?
True
Is 175391 a composite number?
False
Is 144539 a composite number?
False
Is 343991 a composite number?
True
Is 8287 prime?
True
Is 22247 a composite number?
False
Is 7596383 prime?
True
Is 11299 a composite number?
False
Is 35521 composite?
False
Is 1559 a prime number?
True
Is 5077 a composite number?
False
Is 178939 a prime number?
True
Is 1319 prime?
True
Is 93937 composite?
False
Is 32957 prime?
True
Is 92067 prime?
False
Is 11599 prime?
False
Is 100387 prime?
False
Is 57637 a prime number?
True
Is 417035 a prime number?
False
Is 8261 a composite number?
True
Is 2578657 composite?
False
Is 53773 composite?
False
Is 139223 composite?
True
Is 4835 prime?
False
Is 11579 a prime number?
True
Is 7283 a prime number?
True
Is 12037 a composite number?
False
Is 2437 prime?
True
Is 33479 a prime number?
True
Is 38173 a composite number?
True
Is 185291 a prime number?
True
Is 126307 composite?
False
Is 390085 a composite number?
True
Is 17891 composite?
False
Is 21058 prime?
False
Is 86863 a prime number?
False
Is 3271 a prime number?
True
Is 65451 a composite number?
True
Is 53299 a composite number?
False
Is 52994 prime?
False
Is 310253 prime?
False
Is 239831 composite?
False
Is 5749 prime?
True
Is 102535 a prime number?
False
Is 89363 a prime number?
True
Is 535889 a composite number?
True
Is 1541 a composite number?
True
Is 596707 a prime number?
True
Is 14213 composite?
True
Is 138721 composite?
True
Is 21374 prime?
False
Is 17921 composite?
False
Is 3373743 composite?
True
Is 55847 a composite number?
True
Is 63683 composite?
True
Is 1319 prime?
True
Is 30047 a prime number?
True
Is 1058903 a composite number?
True
Is 83339 a composite number?
False
Is 415 prime?
False
Is 444701 composite?
False
Is 12941 composite?
False
Is 205889 prime?
False
Is 35747 a prime number?
True
Is 10001 a prime number?
False
Is 919 a composite number?
False
Is 8663 composite?
False
Is 2327849 a composite number?
False
Is 23459 composite?
False
Is 19709 a prime number?
True
Is 1080179 a composite number?
True
Is 132661 a composite number?
False
Is 7433 composite?
False
Is 29263 composite?
True
Is 632062 prime?
False
Is 94679 prime?
False
Is 177578 prime?
False
Is 141539 a composite number?
False
Is 92551 prime?
True
Is 11143 prime?
False
Is 5004929 composite?
False
Is 96793 composite?
True
Is 308019 prime?
False
Is 24743 prime?
False
Is 2338361 a prime number?
False
Is 352691 prime?
True
Is 436399 a composite number?
False
Is 58049 a prime number?
True
Is 38954 composite?
True
Is 20441 composite?
False
Is 60589 a composite number?
False
Is 11657 prime?
True
Is 9977 prime?
False
Is 6769 prime?
False
Is 23093 a composite number?
True
Is 2129 prime?
True
Is 7781 a composite number?
True
Is 641 composite?
False
Is 92567 composite?
False
Is 45029 composite?
True
Is 827987 composite?
False
Is 19369 a composite number?
True
Is 225679 a composite number?
True
Is 10601 a composite number?
False
Is 1543 a prime number?
True
Is 557 composite?
False
Is 9607 a composite number?
True
Is 18017 a prime number?
False
Is 28117 composite?
True
Is 3691 a composite number?
False
Is 12227 prime?
True
Is 29261 a composite number?
True
Is 277567 a composite number?
False
Is 54521 a prime number?
True
Is 14699 composite?
False
Is 52853 composite?
True
Is 700751 prime?
True
Is 2080183 a composite number?
True
Is 136717 a composite number?
True
Is 40577 prime?
True
Is 5615 a composite number?
True
Is 72739 a composite number?
False
Is 766237 a composite number?
False
Is 6197 a composite number?
False
Is 149743 prime?
False
Is 74845 prime?
False
Is 1637 composite?
False
Is 28895 a prime number?
False
Is 36991 prime?
False
Is 112501 a composite number?
False
Is 758 composite?
True
Is 66103 prime?
True
Is 5997 prime?
False
Is 5623 prime?
True
Is 959131 a prime number?
True
Is 11443 a composite number?
False
Is 16331 a prime number?
False
Is 153451 a prime number?
False
Is 14429 prime?
False
Is 73007 a composite number?
True
Is 1416293 a prime number?
True
Is 660109 prime?
False
Is 105737 prime?
False
Is 4673 composite?
False
Is 506609 prime?
True
Is 752627 a prime number?
True
Is 426451 prime?
False
Is 83833 composite?
False
Is 2490269 a composite number?
False
Is 209971 a prime number?
True
Is 41039 composite?
False
Is 4031 a composite number?
True
Is 512738 composite?
True
Is 2722789 composite?
False
Is 144883 prime?
True
Is 74257 a composite number?
False
Is 22641 a prime number?
False
Is 1510097 a composite number?
True
Is 2329 prime?
False
Is 15559 a prime number?
True
Is 14957 a composite number?
False
Is 3175661 prime?
True
Is 184411 a prime number?
False
Is 12451 composite?
False
Is 232741 prime?
True
Is 29459 a composite number?
True
Is 338609 composite?
False
Is 751 a prime number?
True
Is 534193 prime?
False
Is 551333 a prime number?
False
Is 492769 composite?
False
Is 4267 a composite number?
True
Is 186883 a prime number?
True
Is 79939 a composite number?
False
Is 331 prime?
True
Is 127913 a composite number?
False
Is 130147 prime?
True
Is 2429 composite?
True
Is 131291 prime?
False
Is 54719 prime?
False
Is 21542 composite?
True
Is 190507 a prime number?
True
Is 6947 a prime number?
True
Is 369769 a composite number?
True
Is 10427 a prime number?
True
Is 4663 composite?
False
Is 28727 composite?
True
Is 242185 a composite number?
True
Is 78398 a prime number